+ w. Suppose 2*q + 4*s = o, 4*q + 2*s - 7*s = 3044. Is q composite?
False
Suppose -2*y + 667 + 807 = 0. Suppose 4*v - y - 1887 = 0. Suppose f = 3*s + v, 5*s = -6*f + 3*f + 1898. Is f composite?
False
Let w(p) = 16*p**3 + 2*p**2 - 25*p - 1. Let n(h) = 30*h**3 + 4*h**2 - 51*h - 2. Let f(b) = -2*n(b) + 5*w(b). Is f(4) prime?
False
Let f(h) = 78*h + 27. Suppose t - 52 = -3*t. Is f(t) a prime number?
False
Suppose u - 3*f - 2972 = 2132, -3*u = 5*f - 15354. Is u a composite number?
False
Let t(h) = -1165*h - 19. Let i be t(-5). Let u = i - 3177. Is u prime?
False
Let v = 1944676 + -1228355. Is v a composite number?
False
Suppose -8176 = 2*j + 5*j. Let m = j - -3117. Is m a prime number?
True
Let g(r) = 154537*r**2 + 46*r + 46. Is g(-1) a composite number?
True
Suppose -3*v - 4 = -2*f, 9*v + 2 = 2*f + 5*v. Suppose -n - f*w = 1239 - 13925, -37958 = -3*n + 5*w. Is n prime?
False
Let q be 35/(-42) - (-4)/(-24). Let s(v) = -233*v. Is s(q) a prime number?
True
Suppose -2*a - 3*d + 749452 = 2*d, 0 = -3*a + 3*d + 1124115. Is a prime?
False
Is (0*(-1 - 0))/3 - (-39610 - -3) prime?
True
Let j(m) = 2*m**2 - 13*m + 3. Let f be j(-12). Suppose -3*l + b = -487, -2*l + f = b + 119. Suppose -6*w = -7*w + l. Is w composite?
False
Suppose 4*g - 99823 = -4*b - 23935, -2*g + 3*b = -37949. Is g prime?
True
Suppose 2*r + 1714 = 202. Let d = r - -1177. Is d*8/10 + (-12)/(-60) a prime number?
True
Suppose -4*l = 2*k - 4*k - 100054, -3*l = -5*k - 75044. Is l a prime number?
True
Let p = -328 + 342. Let a(n) = 45*n - 67. Is a(p) prime?
True
Suppose -5*m + 3*l = -285, 3*l = -4*m - 98 + 299. Let j = m - 52. Let t(y) = 108*y - 5. Is t(j) prime?
True
Is 4/14 + (-2387385)/(-147) a composite number?
True
Let b be ((-4)/14)/(8/(-163492)). Let s = 142 + b. Is s composite?
False
Let c(j) = 33*j - 16. Suppose 8*y - 5*y - 120 = 0. Let t = -21 + y. Is c(t) composite?
True
Suppose -7*m + 35 = -35. Let r be 7028/(-36) - m/(-45). Let w = r + 406. Is w a prime number?
True
Let p be (21 + 20)/(2/100). Suppose p + 5926 = 8*k. Is k a prime number?
True
Let x(w) = 113*w**2 - 6*w + 14. Let q(m) = 113*m**2 - 5*m + 13. Let i(v) = -5*q(v) + 6*x(v). Is i(2) prime?
True
Suppose 0 = 5*n - 4*n + 5*l - 174699, -n - l + 174683 = 0. Is n composite?
False
Let r(o) = 1771*o**2 - 3*o + 61. Is r(-5) prime?
True
Let u(y) = -17542*y - 4971. Is u(-85) prime?
False
Suppose 34*r = 4*n + 32*r - 1051204, -3*n = 3*r - 788439. Is n a prime number?
False
Suppose 195 = 68*j - 81*j. Let b = -7 - 5. Is (-586)/6*(j - b) a composite number?
False
Suppose -59 = -2*f - 47. Suppose -f*d + 10*d - 2532 = 0. Is 5/((-10)/(-42))*d/9 prime?
False
Let l(b) be the first derivative of -9*b**4/2 - b**3/3 - 4*b**2 - 14*b - 145. Is l(-3) prime?
True
Let w = -19 + 21. Suppose k = -3*h + 371, w*k - 6*k - h + 1506 = 0. Let y = k + -186. Is y a prime number?
True
Let t = 291148 + -207335. Is t composite?
False
Suppose -z = -5 + 3. Suppose i = -b, 4*i - 3 - z = -5*b. Is 1500/6 - (-2 - i) prime?
False
Suppose 5*u - 1155 = 3*l, l = 6 - 1. Is (-157669)/(-9) + 0 + 52/u prime?
True
Suppose 42*u - 15816395 = -2052978 + 483445. Is u a composite number?
False
Suppose 3*l - 266453 - 102664 = 0. Suppose 0 = c + g + 24611, -4*g + g = -5*c - l. Is ((-2)/(-6))/((-13)/c) a composite number?
False
Suppose 5*i + 367 = 4*s, s + 3*i + 449 = 6*s. Let n be s/7 + 12/(-21). Suppose -10*q - 406 = -n*q. Is q prime?
False
Let t = 1160755 + -802788. Is t composite?
False
Suppose -31*f = 120*f - 986506302 - 319875785. Is f prime?
True
Suppose -2*y + 127157 = o, 9*o - 4*y = 4*o + 635715. Is o a prime number?
False
Let v(h) be the third derivative of -h**6/120 - 2*h**5/15 - 13*h**4/24 + 13*h**3/3 + 19*h**2. Let b be v(-11). Let o = 157 + b. Is o a composite number?
True
Let x(c) = -95*c**2 + 7 + 42*c**2 - 5*c + 4 + 82*c**2. Suppose 0 = -2*a + 2 + 12. Is x(a) prime?
False
Let d(t) = t**3 - 32*t**2 + 43*t - 27. Let r be d(20). Is r/(6/18*-3) prime?
True
Let l(j) = j**3 + 18*j**2 + 11*j + 40. Let c be l(-18). Let o(p) = 14*p**2 - 9*p + 7. Let k be o(6). Let d = c + k. Is d composite?
True
Suppose 47 = 12*t + 23. Suppose 0 = t*h - 6319 - 867. Is h a prime number?
True
Suppose 778*r - 602733 = 775*r. Is r a prime number?
False
Let q(i) = -2*i**3 + 29*i**2 - 15*i + 14. Suppose -4*l + 72 = 16. Let a be q(l). Suppose 0 = 5*k + 4*s - 2773, a*s - 4*s = -4*k + 2240. Is k a prime number?
True
Let r = 5 + 2. Let z be (-15 + r + -2)/(0 + -2). Let g(d) = 47*d**2 + d - 9. Is g(z) composite?
False
Let r(f) = -915*f**2 + 4*f + 5. Let g(d) = 915*d**2 - 5*d - 6. Let m = -69 + 65. Let z(n) = m*g(n) - 5*r(n). Is z(-2) a prime number?
True
Suppose -2*b = -12*b - 20. Let p be ((-9)/((-27)/(-66)))/(b/2123). Is 4 + (4/30 - p/(-15)) a prime number?
False
Is 6/(-4) - 25/(-10) - -49450 a prime number?
True
Let d be 10*(6/24 + 1/4). Let l(f) = -17*f**2 + 216*f**2 - f + d + 192*f**2 - 6. Is l(2) a prime number?
False
Let m(k) = 39*k**3 - k**2 + k + 2. Let y be m(-1). Let a = 64 + y. Suppose -2*t + a = -37. Is t prime?
True
Let b = -84310 - -218183. Is b a prime number?
True
Suppose 0 = -2*s - 0*s - 4*m - 2, -4*s + 3*m - 4 = 0. Let x be s/2*2 + -1250. Let q = 2722 + x. Is q a prime number?
True
Suppose -142*u - 1022 = -156*u. Is 6 - (-998)/(-1)*u/(-2) prime?
True
Suppose 2*j + 10 = 0, -5*d = 2*j + j - 90. Suppose -2*f + 5*p = 0, 2*p + d = 3*f + 2*f. Suppose -w = -f*w + 632. Is w prime?
False
Let w be ((-8)/(5 - 1))/(-2). Suppose -3*a = -w + 10. Is 114 - (0 + -4) - a a composite number?
True
Suppose 78*w + 716571 = 8*w + 3880921. Is w composite?
True
Suppose 90*m - 86*m - 28 = 0. Suppose -448 = -m*j + 1323. Is j a composite number?
True
Is (-12411)/(-14)*270 + (2 - (5 - 1)) prime?
False
Suppose -5*c = -5*l + 2*l - 13, -3*c + 4*l - 1 = 0. Let n = c - 3. Let j(m) = 995*m - 3. Is j(n) a prime number?
True
Let g = -5823 + 400432. Is g a prime number?
False
Suppose -2*s = 4*h - 604, 0 = 5*s + 5*h - 1082 - 403. Let v = s - 221. Is v prime?
True
Suppose 2*d = -29*d - 465. Let b = 5 - 5. Is (b + d)*(3760/(-12) - -7) a composite number?
True
Suppose -2*u = -4*u - 4*v + 4204, -8403 = -4*u - 3*v. Let t(f) = 3*f**3 + 11*f**2 - 17*f - 13. Let j be t(6). Let a = u - j. Is a composite?
False
Suppose -3*p - 5*l + 105 = -l, 0 = 5*p + l - 175. Suppose -32*c - 1281 = -p*c. Is c a prime number?
False
Let q(z) = -42*z + 155546. Is q(0) a prime number?
False
Let b(d) = -2*d**2 + 5*d - 1. Let g be b(1). Let q be (g - 4)/(0 - 1). Suppose -4*i = -j + 6583, -5*j + 20562 + 12243 = q*i. Is j composite?
False
Suppose -15*c + 90 = -90. Let i = -13 + c. Let j(o) = -1348*o + 15. Is j(i) a prime number?
False
Suppose 0 = -6*r + 5*r + 12. Let s(c) = c**3 + 2*c**2 + 3768. Let x be s(0). Suppose r*z - x = -0*z. Is z prime?
False
Let t(p) be the second derivative of -p**4/6 - 5*p**3/6 - 15*p**2/2 - 30*p. Let w be t(-16). Is (w - -2)*6/(-15) composite?
True
Suppose 645922 = 14*j - 399344 - 1252792. Is j prime?
True
Let m(f) = -40485*f - 986. Is m(-3) a prime number?
False
Let g(m) = -325603*m - 1532. Is g(-3) a composite number?
False
Let m = -6 - -1. Let z(u) = -22 - 15*u + 6*u**2 + 12*u**2 - 5 - u + 10*u**2. Is z(m) composite?
True
Let t = -210 - -198. Is t/48 + (-30905)/(-4) prime?
False
Suppose -2*j + 15860 = y, -5*j + y = 4*y - 39650. Suppose -6*t + j + 7130 = 0. Suppose -8*f + t + 1386 = 0. Is f a composite number?
False
Let j(g) be the first derivative of 262*g**2 + 5*g - 10. Let x be j(17). Suppose 2*w = -0*u - 3*u + x, -w = -u + 2971. Is u prime?
True
Let n be ((-6 + -2)/4)/(2/(-3)). Suppose 3*z - 26 = -4*c, -4*z + 23 = 3*c - 0*c. Suppose -2545 = -j - n*b, -3*j + c*b + 7635 = -0*b. Is j a prime number?
False
Suppose 144*r - 60*r + 4662 = 714. Let u(p) = 42*p - 3. Let q be u(2). Let k = r + q. Is k composite?
True
Let r = 2878 - -965. Let p = r + -2086. Is p a composite number?
True
Let r(a) = a**2 - 7*a - 4. Let f be r(8). Suppose f*h + 17 - 1 = 0. Let q = h - -83. Is q prime?
True
Suppose 4*a - 1761 + 425 = 0. Suppose 0 = -g + 4*w + a, -2*w + 1 = 3. Suppose -10*n + 730 + g = 0. Is n a composite number?
True
Suppose -g + 49 = 5*a, 4*g + 2*a = -3*a + 226. Suppose 50 - g = 3*f. Is f*(-4 - (-1007)/(-3)) a composite number?
False
Let h = -35 + 44. Let g be 969 + 1 - 2*h/(-6). Suppose -g + 4519 = 6*q. Is q a composite number?
True
L